nd derivative of -s**4/12 - 5*s**3/6 + 3*s**2 + s. Let o be k(-6). Suppose 4*f - 2*f - 30 = o. List the prime factors of f.
3, 5
Suppose -z + 3 = 2*z. Let m be (6/10)/(z/5). What are the prime factors of (12/(-3))/(m/(-6))?
2
Let y(j) = 7*j - 1. Let t be y(-1). Let b = -4 - t. What are the prime factors of b?
2
Let z be (1 - (3 + -11))*1. Let p(n) = -n**3 + 8*n**2 + 14*n - 6. List the prime factors of p(z).
3, 13
Let w be (0/(-3))/(4/2). Suppose w*j + 62 = 4*u - j, 2*j - 68 = -4*u. Let t = u + -4. List the prime factors of t.
2, 3
Suppose 5*c - y + 3 = 0, 0 = -0*c + 3*c - 5*y - 7. Suppose -1 = d + 10. What are the prime factors of (6 + d)*(c + -1)?
2, 5
Suppose -3*a + 9 = 3*x + x, 12 = -2*x + 4*a. Suppose x = r - 2*r + 66. What are the prime factors of r/14 + (-2)/(-7)?
5
Let z = 7 + -13. Let j(b) = b + 6. Let c be j(z). Let k = 8 + c. What are the prime factors of k?
2
Suppose 5*k + 8 = k - 5*y, -4*k = -4*y - 28. Let o = k - 4. What are the prime factors of (-6)/o - (-2 - -1)?
7
Let t = 1 - 3. Let i = 7 + t. List the prime factors of i.
5
Let i(u) = -9*u**3 - 2*u + 1. Let m be i(1). Let z(d) = -d**2 + 9*d + 2. Let r be z(7). Let h = r + m. List the prime factors of h.
2, 3
Suppose -22*h + 5957 = h. List the prime factors of h.
7, 37
Suppose -226 + 982 = 4*n. What are the prime factors of n?
3, 7
Let a = 0 - -6. List the prime factors of 46/a - (-3)/9.
2
Let o be (-4 + 117/6)*2. Let s = 62 - o. List the prime factors of s.
31
List the prime factors of 3 + 31 + -2 + 0.
2
Let r be (-15)/5 + 2/((-4)/(-10)). Suppose -f + 5 = 0, -15 - 7 = -i + f. Suppose -3*t - d + 61 = 0, 2*t - i = t - r*d. What are the prime factors of t?
19
Suppose 15 = y - 4. List the prime factors of y.
19
Let c(x) = x**3 + 21*x**2 - 23*x - 8. What are the prime factors of c(-22)?
2, 7
Suppose -4*n + 1005 = -487. What are the prime factors of n?
373
Let d(l) = l**3 - 6*l**2 + 4*l - 2. Let u be (-11)/(-4) + 1/4. Let v be d(u). What are the prime factors of (-1 + 2)/((-1)/v)?
17
Let w be (5 + -1 + -1)*1. Suppose 0 = z + w*s - 8, -2*z + 0 = -s - 2. Let p(m) = 2*m - 2. List the prime factors of p(z).
2
What are the prime factors of 34/1*(-6 - -7)?
2, 17
Suppose 0 = -4*m - n + 18, -8 + 34 = 4*m - 3*n. Suppose -14 = -m*u - 4. Suppose -4*i = -z - 14, 0 = -4*z + 10 - u. What are the prime factors of i?
2
Let i(f) = 55*f + 1. List the prime factors of i(1).
2, 7
Let y be ((3 - 3)*-1)/2. Suppose 5*h - h - 76 = y. What are the prime factors of h?
19
Let q(r) = -r**3 + 8*r**2 - 9*r + 4. Let d(v) = -v - 1. Let i be d(-7). What are the prime factors of q(i)?
2, 11
List the prime factors of (-18)/(-54)*(463 + 2/1).
5, 31
Suppose -4*t - 5*v = -1073, t + 3*v = 3*t - 531. List the prime factors of t.
3, 89
Suppose 4*j = -t - t + 60, j + 125 = 3*t. What are the prime factors of t?
2, 5
Suppose -4*s - 5*d = -17, -3*s + 2*d + 13 = 2*s. Let f(a) = -a**3 - a**2 + 3*a + 44. Let u be f(0). Suppose s*z = -11 + u. What are the prime factors of z?
11
Let x = -12 - -15. Suppose -4*b + x*b = -27. List the prime factors of b.
3
Suppose 3*p = 3*k + 15, -5*p - 17 = 3*k - 2. Let t = 1 + 0. What are the prime factors of 48/(-15)*k*t?
2
Let p be (-74)/(-8) - 1/4. Let g be 2/10 + p/5. Suppose -g*k + 6 = k. What are the prime factors of k?
2
Suppose -3*h - 32 = 4*f, -2*f + 0 + 2 = 0. Let p = h + 8. List the prime factors of (4 - p) + (-4)/(-2).
2, 5
Let x(i) = -3*i**3 - 2*i**2 - 2*i - 1. Let l be x(-1). Suppose 0 = 5*v + 10, l*v + 2 = j - 0*v. List the prime factors of 230/18 + j/(-9).
13
Suppose -4*u - u + 341 = -3*z, 0 = -3*u + 2*z + 204. What are the prime factors of u?
2, 5, 7
Suppose 0 = 2*m + 2*m - 20. Suppose -m*v + 40 = 5*s, -26 = -5*s + 3*v + 46. Suppose 2*t - s = -t. What are the prime factors of t?
2
Suppose -4*p + 0*p = 8. Let y be (4/p)/(3/(-6)). Let d = y - 1. What are the prime factors of d?
3
Let y(u) = u**3 + 14*u**2 + 14*u + 16. Let w be y(-13). List the prime factors of (-7)/(-5)*(w + 2).
7
Let p be (-464)/(-56) - (-2)/(-7). Suppose r - 16 = -r - a, -a + p = r. List the prime factors of r.
2
Let z be (-194)/(-1 - (0 - -1)). Suppose 4*l = z + 127. Suppose 5*x = -4*y + l, -2*x - 2*y = x - 34. List the prime factors of x.
2, 3
Let x(l) = 2*l**3 - l**2 - 2*l + 5. Let v(g) = -g**3 + g**2 + g - 6. Let n(w) = 2*v(w) + 3*x(w). What are the prime factors of n(2)?
23
Let j be (3/9)/((-1)/(-12)). Suppose -30 = -j*y - 10. Let f = 24 - y. List the prime factors of f.
19
Let l(o) be the second derivative of -o**8/6720 + o**7/420 - o**6/360 + o**4/4 - 2*o. Let i(s) be the third derivative of l(s). List the prime factors of i(5).
3, 5
Let f = 3 + -2. Suppose -5*y - 3*t + 53 = f, -4*y = -3*t - 47. What are the prime factors of y?
11
Let o = 72 + -33. What are the prime factors of o?
3, 13
Let p = -5 - -15. Suppose 32 = p*d - 8*d. List the prime factors of d.
2
Suppose -o + 3*x + 124 = o, -x = 3*o - 164. What are the prime factors of o?
2, 7
Let p(x) = -x**3 - x**2 + 67. What are the prime factors of p(0)?
67
Suppose -33 = -8*x + 31. List the prime factors of x.
2
Let y(o) = o**3 - 4*o**2 - 6*o - 6. Let z be y(6). What are the prime factors of (z/(-25))/((-2)/45)?
3
Suppose -63 - 21 = -j. List the prime factors of j.
2, 3, 7
Let f be 0 + (0 - -3) + -4. Let k(h) = 20*h**2 + 2*h + 1. What are the prime factors of k(f)?
19
Let g be (-1)/(-2) + 2/4. Let x(z) = 21*z**2 - z. List the prime factors of x(g).
2, 5
Let x(u) = 7 - 1 - u - 2. Let o be ((-9)/2)/(2/4). What are the prime factors of x(o)?
13
Let n = -4 - -20. List the prime factors of n.
2
Suppose 1 = -s + 5*f + 3, -5*s = 2*f + 125. Let c = 45 + s. List the prime factors of (-6)/9 - c/(-6).
3
Let b(h) = h**3 - 2*h**2 - 2*h - 3. Let v be b(4). What are the prime factors of 36/v + (-2)/(-7)?
2
List the prime factors of (1 + (-85)/10)*-2.
3, 5
Let u = -2 + -2. What are the prime factors of ((-124)/(-8))/((-2)/u)?
31
Let i be 1 + -1 + 16/(-4). Let z = i + 2. What are the prime factors of (32/24)/(z/(-21))?
2, 7
Let v be 26/4 - (-3)/(-6). Let z(x) = -4*x**2 + 3*x**2 + x**3 - v*x**2 - 5*x + 2*x**2. List the prime factors of z(6).
2, 3
Let m = 18 + -4. Suppose -m = -5*w - 4. Suppose -s + w*s = 10. List the prime factors of s.
2, 5
Let w(s) = -5*s**2 + 3 + 5*s + 1 - s**3 - 3 + 5. What are the prime factors of w(-6)?
2, 3
Suppose -p - 65 = -3*f, -3*f + 5*p + 61 = 3*p. List the prime factors of f.
23
Let d = 144 + -34. List the prime factors of d.
2, 5, 11
Let b(m) be the second derivative of -m**4/12 - 2*m**3/3 + 4*m**2 + 2*m. Let a be b(-6). What are the prime factors of 3*a/(-6) - -7?
3
Let f(d) be the third derivative of d**5/60 + d**4/12 - d**3/6 - 5*d**2. What are the prime factors of f(-6)?
23
Let f(g) = 15*g**3 + 3*g**2 + 2*g - 1. List the prime factors of f(2).
3, 5
Let c = 16 - -6. Suppose -17 = -3*l + c. What are the prime factors of l?
13
Let y = 13 + 60. What are the prime factors of y?
73
Suppose 0 = 4*o - 449 - 123. What are the prime factors of o?
11, 13
Suppose -63 = -0*r - r. List the prime factors of r.
3, 7
Let q = -1 + 15. List the prime factors of (11 + -1)*35/q.
5
Suppose 8 + 10 = 3*v. What are the prime factors of (-3 + v)/(-1) + 14?
11
Let m = 231 - 95. What are the prime factors of m?
2, 17
Let i(q) = 3*q**2 - 7*q - 5. Let c(m) = -2*m**2 + 7*m + 4. Let a(u) = 5*c(u) + 4*i(u). List the prime factors of a(-5).
3, 5
Let y(i) = i**2 - 11*i - 16. List the prime factors of y(16).
2
Let c(d) = 6*d - 18. List the prime factors of c(8).
2, 3, 5
List the prime factors of (-1)/((16/(-452))/4).
113
Let f = 27 - 41. Suppose -45 = -30*u + 35*u. Let t = u - f. List the prime factors of t.
5
Let j = -146 + 440. List the prime factors of j.
2, 3, 7
What are the prime factors of (4/(-3) - -2)*3?
2
Let r(k) = k**3 + 4*k**2 - 2*k - 5. Let f be r(-4). Let u be (-2)/3 + (-4)/(-6). Suppose 3*n + t - 40 = u, -t - 44 = -5*n + f*t. List the prime factors of n.
2, 3
Suppose 6*i = -m + 3*i + 207, -m + 209 = i. List the prime factors of m.
2, 3, 5, 7
Suppose 3*i + 56 = 4*y, y = 2*i + 5 + 4. Let u = y + -7. List the prime factors of u.
2, 5
Suppose -2*k + 170 = -234. List the prime factors of k.
2, 101
Suppose 4 = j + 2. Suppose 0 = -0*f + j*f - 28. List the prime factors of f.
2, 7
Suppose 0 = -2*c + 4*b + 66, 9*c - b = 5*c + 160. List the prime factors of c.
41
Let k 